{"id":1398,"date":"2019-04-11T17:32:44","date_gmt":"2019-04-11T15:32:44","guid":{"rendered":"http:\/\/www.enles.si\/?page_id=1398"},"modified":"2019-04-11T17:39:20","modified_gmt":"2019-04-11T15:39:20","slug":"pogosta-vprasanja","status":"publish","type":"page","link":"https:\/\/www.enles.si\/index.php\/pogosta-vprasanja\/","title":{"rendered":"Pogosta vpra\u0161anja"},"content":{"rendered":"<p>[vc_row][vc_column][vc_accordion][vc_accordion_tab title=&#8221;Kako za\u0161\u010ditite stene pred \u0161kodljivci?&#8221;][vc_column_text]Po\u0161kodbe lesa, ki jih na povr\u0161ini opazimo kot luknjice, obi\u010dajno povzro\u010dajo li\u010dinke lesnih hro\u0161\u010dev, ki jih ljudje zaradi njihovega videza lai\u010dno poimenujejo \u00bblesni \u010drvi\u00ab. Ker nam je mar za okolje in kvaliteto bivanja, NE uporabljamo nobenih kemi\u010dnih premazov in za\u0161\u010dite. Uporabljamo <strong>zdrav les<\/strong>, ki je zra\u010dno suh in <strong>naravno su\u0161en<\/strong>. Med naravnim su\u0161enjem lesa se deloma razgradijo beljakovine in \u0161krob v lesu. Zato se pove\u010da njegova odpornost na \u0161kodljivce. Zra\u010dno suh les je <strong>popolnoma varen<\/strong> pred oku\u017ebami vseh vrst lesnih gliv in napadom nekaterih insektov, ki z glivami \u017eivijo v simbiozi. Zato z uporabo zra\u010dno suhega lesa ne prepre\u010dimo samo oku\u017ebe z glivami, posredno zaustavimo tudi napad lesnih insektov. Na\u0161e stene so po kon\u010dani gradnji tudi zaprte iz vseh strani, zato je hro\u0161\u010dem <strong>fizi\u010dno onemogo\u010den<\/strong> dostop do njih.[\/vc_column_text][\/vc_accordion_tab][vc_accordion_tab title=&#8221;Kak\u0161na je cena va\u0161ih hi\u0161?&#8221;][vc_column_text]Na\u0161e hi\u0161e so cenovno primerljive ostalim lesenim monta\u017enim hi\u0161am. Kot pri vseh vrstah gradnje, je tudi pri na\u0161em sistemu <strong>Enles Massive<\/strong> te\u017eko dolo\u010diti splo\u0161no ceno kvadrata hi\u0161e na klju\u010d. Cena je odvisna od \u017eelja na\u0161ih strank, ki lahko izbirajo med razli\u010dnimi vrstami kritine, oken, vrat, notranjih sten,\u2026 Pri na\u0161ih tipskih hi\u0161ah pa je to enostavneje.[\/vc_column_text][\/vc_accordion_tab][vc_accordion_tab title=&#8221;Kak\u0161en je prenos zvoka skozi stene?&#8221;][vc_column_text]Zvo\u010dna izolativnost na\u0161ih sten (primer Enles Massive 34cm) je Rw = 48dB. Preprosto povedano to pomeni, da zvok avtomobila, ki stoji pred hi\u0161o s pri\u017eganim motorjem ne sli\u0161imo. Avto, ki pa pelje tik ob hi\u0161i s hitrostjo 50km\/h (povpre\u010den hrup pri tak\u0161ni hitrosti je 55dB), pa sli\u0161imo 7dB. Za la\u017ejo predstavo lahko vzamemo dihanje, ki povzro\u010da hrup 10dB.[\/vc_column_text][\/vc_accordion_tab][vc_accordion_tab title=&#8221;Ali se v kameni volni \u0161e vedno uporablja formaldehid kot vezivo?&#8221;][vc_column_text]<strong>Ne<\/strong>. Za utrjevanje danes uporabljajo veziva na bio osnovi brez formaldehida, akrilov in fenolov in brez dodanih umetnih barvil. Zato je bivanje v na\u0161ih hi\u0161ah \u010dloveku prijazno.[\/vc_column_text][\/vc_accordion_tab][\/vc_accordion][\/vc_column][\/vc_row]<\/p>\n","protected":false},"excerpt":{"rendered":"<p>[vc_row][vc_column][vc_accordion][vc_accordion_tab title=&#8221;Kako za\u0161\u010ditite stene pred \u0161kodljivci?&#8221;][vc_column_text]Po\u0161kodbe lesa, ki jih na povr\u0161ini opazimo kot luknjice, obi\u010dajno povzro\u010dajo li\u010dinke lesnih hro\u0161\u010dev, ki jih ljudje zaradi njihovega videza lai\u010dno poimenujejo \u00bblesni \u010drvi\u00ab. Ker nam je mar za okolje in kvaliteto bivanja, NE uporabljamo nobenih kemi\u010dnih premazov in za\u0161\u010dite. Uporabljamo zdrav les, ki je zra\u010dno suh in naravno su\u0161en.&hellip;<\/p>\n","protected":false},"author":1,"featured_media":0,"parent":0,"menu_order":0,"comment_status":"closed","ping_status":"closed","template":"","meta":[],"_links":{"self":[{"href":"https:\/\/www.enles.si\/index.php\/wp-json\/wp\/v2\/pages\/1398"}],"collection":[{"href":"https:\/\/www.enles.si\/index.php\/wp-json\/wp\/v2\/pages"}],"about":[{"href":"https:\/\/www.enles.si\/index.php\/wp-json\/wp\/v2\/types\/page"}],"author":[{"embeddable":true,"href":"https:\/\/www.enles.si\/index.php\/wp-json\/wp\/v2\/users\/1"}],"replies":[{"embeddable":true,"href":"https:\/\/www.enles.si\/index.php\/wp-json\/wp\/v2\/comments?post=1398"}],"version-history":[{"count":4,"href":"https:\/\/www.enles.si\/index.php\/wp-json\/wp\/v2\/pages\/1398\/revisions"}],"predecessor-version":[{"id":1403,"href":"https:\/\/www.enles.si\/index.php\/wp-json\/wp\/v2\/pages\/1398\/revisions\/1403"}],"wp:attachment":[{"href":"https:\/\/www.enles.si\/index.php\/wp-json\/wp\/v2\/media?parent=1398"}],"curies":[{"name":"wp","href":"https:\/\/api.w.org\/{rel}","templated":true}]}}